etermine x(3).
1
Let q(i) = i**3 - 9*i**2 + 6*i + 3. What is q(8)?
-13
Let v(w) = -w**3 + 23*w**2 + 26*w - 42. Give v(24).
6
Let z(w) = -17*w - 225. Calculate z(-14).
13
Let d(t) = 6*t - 6. Give d(0).
-6
Let v(w) = -w**3 - 9*w**2 + w + 10. Calculate v(-9).
1
Let d(a) = -129*a - 517. Determine d(-4).
-1
Let a(x) = x**3 - 13*x**2 + 13*x - 30. What is a(12)?
-18
Let b(l) = 10*l + 15. What is b(7)?
85
Let h(u) = -3*u + 32. Determine h(13).
-7
Let m(g) = -48*g + 192. What is m(4)?
0
Let s(v) = 19*v - 1. Determine s(4).
75
Let g(o) = 4*o**2 - 2*o + 2. What is g(-2)?
22
Let d(o) = -157*o + 154. Give d(1).
-3
Let b(m) = m**3 - 15*m**2 - 36*m + 42. Give b(17).
8
Let l(v) = -v**3 + 7*v**2 + 3*v - 7. Give l(6).
47
Let w(u) = -22*u - 39. Give w(-2).
5
Let q(c) = c - 66. What is q(-11)?
-77
Let f(g) = -g**2 - 6*g. Give f(-5).
5
Let g(k) = -2*k - 4. What is g(-10)?
16
Let c(o) = o - 13. What is c(12)?
-1
Let s(d) = d**3 - 2*d**2 - 4*d + 5. What is s(2)?
-3
Let z(l) = -l**3 + 67*l**2 + 67*l + 53. Give z(68).
-15
Let p(z) = -z**2 + 8*z + 11. Calculate p(8).
11
Let y(u) = -10*u + 6. Determine y(-2).
26
Let p(k) = k**3 - 8*k**2 + 11*k + 23. Determine p(5).
3
Let c(b) = b**3 + b**2 - 5*b + 8. What is c(3)?
29
Let m(z) = z - 17. Give m(30).
13
Let c(z) = 11*z**2 + 2*z - 2. Calculate c(-2).
38
Let t(b) = 68*b + 394. Calculate t(-6).
-14
Let i(h) = h**2 - 8*h - 34. What is i(-3)?
-1
Let a(o) = o**3 - 15*o**2 + 26*o - 5. Calculate a(13).
-5
Let b(a) = -a**2 + 75*a + 571. Calculate b(-7).
-3
Let n(r) = -2*r - 12. Give n(-7).
2
Let g(d) = d**2 - 9*d + 10. Calculate g(4).
-10
Let q(u) = -4*u - 106. What is q(-24)?
-10
Let y(z) = -z**3 + 2*z**2 - 3*z + 1. Determine y(2).
-5
Let f(o) = o + 11. Give f(-10).
1
Let t(f) = -2*f**2 - 3*f + 3. Determine t(-3).
-6
Let v(u) = 3*u - 4. Determine v(6).
14
Let x(n) = -58*n - 1043. Calculate x(-18).
1
Let i(k) = -55*k - 723. Determine i(-13).
-8
Let s(h) = -h**3 + 2*h**2 + h + 6. Determine s(3).
0
Let l(z) = z**2 - 13*z - 207. What is l(22)?
-9
Let t(f) = -f**2 + 11*f + 104. What is t(17)?
2
Let m(w) = -w**3 - 8*w**2 + 10*w + 3. Give m(-9).
-6
Let r(b) = 2*b**2 - 30*b + 3. Determine r(14).
-25
Let k(d) = d**2 - 42. What is k(6)?
-6
Let p(y) = -y**3 + 10*y**2 + 11*y - 2. Determine p(11).
-2
Let l(i) = -i**3 - 36*i**2 + 34*i - 35. Calculate l(-37).
76
Let g(n) = 10*n - 4. What is g(2)?
16
Let g(r) = -r**3 - 6*r**2 + 11*r + 3. Give g(-8).
43
Let a(i) = 17*i + 444. Calculate a(-26).
2
Let u(p) = p**3 - 6*p**2 + 7*p. What is u(5)?
10
Let k(z) = 2*z**2 + 6*z + 5. What is k(-3)?
5
Let y(c) = -c**2 - 4*c + 4. What is y(-6)?
-8
Let a(c) = c**2 + 6*c + 4. Calculate a(-6).
4
Let w(b) = -3*b**2 - 6*b + 29. Give w(3).
-16
Let f(b) = -17*b - 1. Calculate f(1).
-18
Let z(c) = -9*c**2 - 4*c - 1. Determine z(-3).
-70
Let v(x) = 5*x**2 + 9*x - 19. What is v(2)?
19
Let o(a) = -a**2 - 6*a + 7. Calculate o(-5).
12
Let p(c) = -11*c - 1. Calculate p(-3).
32
Let k(t) = 74*t - 293. Determine k(4).
3
Let l(o) = -10*o + 51. What is l(3)?
21
Let j(m) = -m**3 - 6*m**2 - 4*m - 1. Determine j(-5).
-6
Let j(a) = -24*a + 22. Give j(6).
-122
Let b(y) = -y**3 - 3*y**2 + 6*y + 1. Give b(-5).
21
Let h(y) = 10*y - 62. What is h(8)?
18
Let n(u) = -u**2 - 47*u - 12. Determine n(-47).
-12
Let g(m) = -m**3 - 14*m**2 + 8. What is g(-14)?
8
Let v(o) = -o**3 + 8*o**2 - 7*o. What is v(7)?
0
Let f(d) = -d + 3. Give f(-2).
5
Let t(r) = r + 4. Calculate t(3).
7
Let a(l) = l**3 + 29*l**2 - 39*l - 273. What is a(-30)?
-3
Let p(y) = -y**3 + 12*y**2 - 11*y - 5. What is p(11)?
-5
Let v(b) = -2*b - 13. What is v(-10)?
7
Let u(j) = j**3 - 9*j**2 + 12*j - 5. Calculate u(7).
-19
Let z(t) = t**3 - 14*t**2 + 19*t - 78. Calculate z(13).
0
Let y(u) = 3*u + 86. What is y(-24)?
14
Let m(c) = -c + 13. Give m(8).
5
Let x(u) = -u**2 + 14*u - 40. Give x(12).
-16
Let y(b) = 3*b - 36. Determine y(-7).
-57
Let l(w) = -w**3 - 36*w**2 - 100*w - 30. What is l(-33)?
3
Let v(t) = t**3 + 6*t**2 + 5*t + 4. Determine v(-5).
4
Let g(u) = -10*u**3 + 2*u**2 + 2. Give g(-2).
90
Let d(q) = 11*q - 2. Determine d(1).
9
Let y(p) = -p + 17. Give y(9).
8
Let x(v) = -v - 18. Give x(7).
-25
Let d(j) = j**2 - 5*j + 2. Calculate d(0).
2
Let o(i) = -i**2 - 10*i + 11. Calculate o(-11).
0
Let g(o) = o**2 + 31*o + 160. What is g(-7)?
-8
Let o(d) = -2*d**3 + 10*d**2 + 15*d - 15. Give o(6).
3
Let y(k) = -k**3 + 54*k**2 + 296*k - 65. Give y(59).
-6
Let t(j) = -2*j**3 + 4*j + 1. Give t(3).
-41
Let l(p) = -9*p - 37. What is l(-3)?
-10
Let f(x) = -8*x + 8. Calculate f(4).
-24
Let x(y) = y**2 + 15*y + 1. Give x(-7).
-55
Let m(x) = -3*x + 1. Give m(1).
-2
Let h(u) = -u**3 - 2*u**2 + u - 31. Calculate h(0).
-31
Let c(y) = -2*y**2 + 13*y - 16. Determine c(5).
-1
Let c(s) = s**2 - 1. Determine c(2).
3
Let g(k) = k - 2. What is g(-16)?
-18
Let p(b) = -3*b**2 + 16*b - 3. Give p(5).
2
Let n(s) = -s**2 + 17*s + 17. Calculate n(18).
-1
Let a(k) = -k**2 - 27*k + 2. Determine a(-27).
2
Let r(l) = l**3 + 2*l**2 - 7*l - 1. Calculate r(-5).
-41
Let r(g) = -g**3 - 3*g**2 + 2*g + 13. Give r(-3).
7
Let w(l) = l**3 - 31*l**2 + 2. Give w(31).
2
Let q(a) = -a - 3. Calculate q(-16).
13
Let b(s) = s**2 - 5*s + 10. Give b(5).
10
Let o(u) = 3*u**2 + 4*u + 3. What is o(-3)?
18
Let l(k) = 4*k**2 + 6*k - 12. Determine l(-4).
28
Let x(h) = 2*h + 19. What is x(-8)?
3
Let u(b) = -b**2 + 15*b - 2. Give u(12).
34
Let q(t) = t**3 - 2*t**2 + 4*t - 4. Calculate q(4).
44
Let j(z) = z**2 - 3*z - 65. Determine j(11).
23
Let a(d) = -d**3 - 14*d**2 - 11*d - 10. What is a(-13)?
-36
Let c(o) = o**3 + 4*o**2 - 6*o - 3. Determine c(-5).
2
Let o(b) = 2*b**2 - 43*b - 23. Determine o(22).
-1
Let w(p) = p**3 - 21*p**2 + 4*p + 30. Calculate w(21).
114
Let k(x) = -8*x**2 + 8*x. What is k(4)?
-96
Let m(n) = n**3 + 21*n**2 + 5*n + 87. Determine m(-21).
-18
Let h(z) = -11*z + 180. What is h(16)?
4
Let o(m) = -m**2 + 12*m - 14. What is o(11)?
-3
Let q(f) = -f**2 - 13*f + 17. Determine q(-16).
-31
Let z(l) = -23*l**3 + l**2 - l + 1. Give z(1).
-22
Let b(z) = z**2 + 35*z + 38. Calculate b(-34).
4
Let l(r) = 8*r - 101. Calculate l(9).
-29
Let p(w) = 5*w**3 + 4*w - 4. Calculate p(1).
5
Let l(a) = -a + 11. Determine l(8).
3
Let v(w) = -w + 7. Calculate v(-10).
17
Let o(f) = -f - 21. Calculate o(8).
-29
Let u(s) = 2*s**2 - 21*s - 8. Give u(11).
3
Let f(y) = y**3 - 2*y**2 - 5*y. Give f(4).
12
Let o(p) = p**3 + 2*p**2 - 4*p + 13. Calculate o(-4).
-3
Let p(b) = 5*b - 22. What is p(0)?
-22
Let a(x) = 2*x**2 - 42*x + 40. What is a(20)?
0
Let o(b) = b + 5. Give o(-12).
-7
Let z(t) = -2*t + 19. Calculate z(11).
-3
Let d(i) = 22*i + 795. What is d(-36)?
3
Let v(h) = -46*h + 262. What is v(6)?
-14
Let t(c) = -c**2 + 26*c - 150. Determine t(9).
3
Let m(f) = -265*f + 798. Give m(3).
3
Let l(o) = -o**3 - 3*o**2 + 8*o + 1. Give l(-5).
11
Let z(y) = y + 11. What is z(4)?
15
Let r(d) = -13*d**3 - 2*d**2 - 3*d - 2. What is r(-1)?
12
Let w(m) = -5*m - 18. Give w(-2).
-8
Let i(q) = -q**2 - 7*q + 125. Calculate i(-15).
5
Let b(a) = a**3 + 7*a**2 + 7*a - 8. Determine b(-4).
12
Let q(c) = -c**2 - 11*c - 28. What is q(-6)?
2
Let n(g) = g**2 - 8*g + 3. What is n(6)?
-9
Let d(s) = -s**2 - 1. Give d(-6).
-37
Let s(y) = y**3 + 3*y - 11. What is s(2)?
3
Let l(k) = 7*k + 78. Calculate l(-13).
-13
Let h(o) = -8*o + 79. Calculate h(6).
31
Let u(t) = -t**2 - 15*t - 53. What is u(-9)?
1
Let p(l) = -l**2 - 4*l + 5. Give p(-7).
-16
Let s(f) = f**2 - 11*f + 10. What is s(7)?
-18
Let h(s) = 3*s**2 - 5*s + 3. Determine h(3).
15
Let g(w) = -6*w + 10. Calculate g(0).
10
Let x(k) = -k**2 + 3*k - 7. What is x(0)?
-7
Let g(l) = 3*l**2 - 30*l + 6. What is g(10)?
6
Let l(f) = -f**3 + 5*f**2 + 4. What is l(5)?
4
Let p(c) = -c**2 + 5. Give p(4).
-11
Let p(q) = -4*q + 8. Calculate p(9).
-28
Let i(r) = r**3 - 3*r**2 - 6*r + 2. Determine i(4).
-6
Let j(s) = s**3 - 5*s**2 - 4*s + 2. What is j(4)?
-30
Let i(g) = -g**3 + 7*g**2 - 6*g + 8. Determine i(6).
8
Let w(c) = -c - 4. What is w(7)?
-11
Let j(x) = -19*x + 43. Calculate j(0).
43
Let w(r) = r**2 - 3*r + 10. Determine w(4).
14
Let g(h) = 12*h - 11. Determine g(1).
1
Let p(s) = -5*s**2 - 56*s - 7. What is p(-11)?
4
Let q(g) = -g**3 + 10*g**2 + 12*g + 11. Determine q(11).
22
Let w(r) = -r**3 + 2*r**2 + 5*r - 3. Determine w(4).
-15
Let q(j) = -j + 8. What is q(6)?
2
Let k(x) = x**3 + 12*x*